3105. Calculate o(-273).
-29
Let k(u) = -u**3 + 146*u**2 + 144*u + 355. What is k(147)?
-86
Let c(x) = x**3 + 12*x**2 - 121*x - 279. Determine c(-2).
3
Let i(f) = 5*f + 61. What is i(-3)?
46
Let k(i) = 4*i + 248. What is k(21)?
332
Let y(f) = -31*f**2 + 206*f + 342. Give y(8).
6
Let k(c) = c**2 + 61*c - 339. What is k(5)?
-9
Let a(b) = 561*b - 3393. Determine a(6).
-27
Let g(x) = 2354*x + 7067. What is g(-3)?
5
Let g(w) = 184*w**2 - 9*w - 1. Determine g(-1).
192
Let c(g) = g**2 + 7*g - 93. Give c(15).
237
Let p(t) = -3*t**3 + 181*t**2 - 65*t + 280. Determine p(60).
-20
Let z(l) = -32*l + 65. Give z(7).
-159
Let z(t) = 2*t**3 + 13*t**2 + 21*t + 372. Determine z(-8).
12
Let k(b) = -2*b**3 - 51*b**2 - 4*b + 530. Determine k(-25).
5
Let k(o) = -o**2 + 36*o - 168. Calculate k(27).
75
Let r(m) = m**2 + 17*m - 635. Calculate r(-35).
-5
Let i(o) = o**3 - 5*o**2 - 81*o + 413. What is i(9)?
8
Let f(c) = -c**3 - 27*c**2 - 24*c + 3. Calculate f(-26).
-49
Let z(q) = -q**3 + 8*q**2 + 102*q - 281. Determine z(14).
-29
Let w(k) = -3*k**2 + 297*k + 6. What is w(99)?
6
Let r(b) = b**3 + 73*b**2 + 383*b - 1. Determine r(-6).
113
Let w(y) = -2*y**2 + 694*y + 3479. Give w(-5).
-41
Let x(n) = -2*n**2 - 213*n + 8. What is x(0)?
8
Let g(h) = 53*h - 9. Calculate g(-1).
-62
Let f(g) = g**2 + 223*g - 4943. Calculate f(20).
-83
Let h(f) = 28*f - 88. Determine h(9).
164
Let m(o) = -3*o + 87. Give m(29).
0
Let z(h) = h**2 - 24*h - 632. Calculate z(40).
8
Let y(h) = 3*h**3 - 6*h**2 - 23*h + 141. Calculate y(6).
435
Let y(u) = 4*u - 68. Calculate y(-7).
-96
Let q(r) = -2*r**2 - 40*r + 308. Determine q(-27).
-70
Let i(u) = 17*u - 785. What is i(45)?
-20
Let c(f) = -2215*f - 480651. Give c(-217).
4
Let j(h) = -h**3 + 5*h**2 + 39*h + 58. Give j(10).
-52
Let b(k) = -k**3 + 243*k**2 + 734*k + 7. What is b(-3)?
19
Let z(k) = 3*k**3 - 318*k**2 + 2*k - 212. Give z(106).
0
Let m(k) = -k**3 + 16*k**2 + 7*k - 108. What is m(16)?
4
Let i(k) = 4*k**2 + 12*k - 17. What is i(-8)?
143
Let k(x) = 25*x**2 + 319*x + 222. Calculate k(-12).
-6
Let i(o) = -4*o**2 + 27*o + 240. Give i(-5).
5
Let c(n) = 59*n - 2757. Determine c(48).
75
Let p(l) = -77*l**2 - 621*l - 36. Determine p(-8).
4
Let p(w) = w**3 - 11*w**2 + 45*w - 334. Calculate p(9).
-91
Let b(d) = 4*d**2 - 85*d - 1085. Give b(-9).
4
Let n(g) = -22*g + 1188. What is n(54)?
0
Let t(i) = i**3 + 186*i**2 + 569*i + 5. What is t(-3)?
-55
Let p(t) = -26*t - 60. Calculate p(-3).
18
Let f(j) = -266*j + 16. Give f(-1).
282
Let x(u) = 773*u + 24742. Determine x(-32).
6
Let m(x) = 453*x - 89235. Give m(197).
6
Let z(n) = -8*n - 34. Determine z(-8).
30
Let r(i) = -i**3 - 51*i**2 - 199*i - 49. Determine r(-4).
-5
Let n(p) = -p**2 - 44*p - 318. Calculate n(-32).
66
Let o(j) = -2*j**3 + 10*j**2 - 18*j + 36. Calculate o(4).
-4
Let z(v) = 3*v**2 - 71*v - 81. Determine z(25).
19
Let d(k) = -k**3 + 9*k**2 + 23*k - 262. Determine d(7).
-3
Let d(f) = -14*f + 262. Determine d(18).
10
Let z(m) = m**3 + 7*m**2 + 12. Give z(-7).
12
Let i(b) = -b**3 - 13*b**2 - 27*b + 53. Give i(-10).
23
Let a(s) = 42*s + 35. What is a(1)?
77
Let t(q) = -558*q - 1155. Determine t(-2).
-39
Let v(y) = -8*y**3 + 40*y**2 - 123*y + 609. What is v(5)?
-6
Let f(p) = p**2 + 19*p + 81. Give f(-9).
-9
Let x(l) = 5*l - 150. Calculate x(8).
-110
Let p(j) = 3*j**2 - 30*j - 239. What is p(16)?
49
Let n(y) = -148*y + 22072. Give n(149).
20
Let o(i) = -i**3 - 5*i**2 + 477*i + 1925. Determine o(-4).
1
Let b(p) = 204*p - 234. Calculate b(1).
-30
Let q(o) = 126*o - 8. Calculate q(1).
118
Let j(v) = -5*v**2 - 22*v - 41. Determine j(-5).
-56
Let u(c) = c**3 - 12*c - 4. What is u(-3)?
5
Let o(r) = 89*r**2 + 985*r + 65. Calculate o(-11).
-1
Let r(u) = -104*u**2 + 2*u - 2. Give r(1).
-104
Let y(x) = -5*x**2 - 27*x - 103. Determine y(-4).
-75
Let n(f) = f**2 + 6*f - 34. Give n(5).
21
Let l(c) = -c + 34. What is l(21)?
13
Let o(y) = 104*y + 321. Determine o(-3).
9
Let r(y) = y**2 + 126*y + 3114. What is r(-35)?
-71
Let x(z) = 2*z**2 + 5*z - 1099. What is x(22)?
-21
Let s(c) = -14*c - 243. Calculate s(-16).
-19
Let q(k) = -2*k**2 - 1343*k - 6666. Calculate q(-5).
-1
Let a(u) = -185*u + 4456. Determine a(24).
16
Let j(w) = 5*w**2 - 32*w + 113. Give j(8).
177
Let g(q) = q**3 - 29*q**2 + 179*q - 211. Give g(21).
20
Let h(o) = -o**3 + 29*o**2 + 19*o + 358. Calculate h(30).
28
Let n(b) = -b**3 + 13*b**2 + b - 1. Determine n(13).
12
Let b(h) = -3*h**3 + 25*h**2 + 19*h + 3. What is b(9)?
12
Let o(n) = -n**2 + 16*n + 32. Calculate o(13).
71
Let z(k) = -161*k + 2722. Give z(17).
-15
Let k(z) = 507*z - 2547. Give k(5).
-12
Let c(n) = -2194*n - 6578. What is c(-3)?
4
Let v(y) = 33*y**2 + 131*y - 1. Determine v(-4).
3
Let p(d) = 229*d + 199. Determine p(-2).
-259
Let g(f) = -f**3 - 9*f**2 + 14*f + 143. What is g(-7)?
-53
Let z(k) = -3*k**3 + 131*k**2 + 42*k + 66. Calculate z(44).
-22
Let h(k) = -81*k + 2415. Give h(27).
228
Let j(y) = -2*y**3 - 196*y**2 - 4803*y - 51. What is j(-49)?
-2
Let z(j) = 20*j**2 + 6*j + 6. Give z(-1).
20
Let f(q) = 220*q - 1271. What is f(6)?
49
Let j(y) = 9*y - 113. Calculate j(-4).
-149
Let j(s) = -10*s**2 + 151*s - 30. Determine j(16).
-174
Let r(a) = a**3 + 17*a**2 - 34*a - 377. What is r(5)?
3
Let o(n) = -n**3 + 9*n**2 - 24*n + 36. Calculate o(6).
0
Let s(a) = 3*a**2 - 400*a + 2765. Give s(126).
-7
Let p(m) = 4*m**2 + 193*m - 340. Calculate p(-50).
10
Let d(u) = -6*u**3 - 42*u**2 + 7*u + 60. What is d(-7)?
11
Let o(u) = 18*u**2 + 203*u + 41. Determine o(-11).
-14
Let i(g) = -g**2 + 73*g - 466. Give i(7).
-4
Let w(b) = -20*b - 1268. Determine w(-65).
32
Let r(q) = -4*q**3 - 2*q**2 + 8*q + 8. Determine r(-2).
16
Let m(q) = 2*q**3 - 56*q**2 + 64*q + 81. Calculate m(27).
351
Let g(n) = n**2 + 217*n + 11277. Calculate g(-131).
11
Let p(n) = -n**3 - 2*n**2 + n - 55. What is p(-5)?
15
Let k(s) = 29*s + 72. What is k(-15)?
-363
Let y(o) = 9*o**2 + 42. Determine y(-5).
267
Let c(a) = -17*a - 9. Determine c(2).
-43
Let j(l) = 91*l**2 - 10651*l + 453. What is j(117)?
-15
Let t(k) = -k**2 - 54*k - 230. What is t(-51)?
-77
Let b(y) = -104*y - 1654. What is b(-16)?
10
Let b(q) = -q**3 + 2*q**2 - q - 69. Give b(0).
-69
Let b(u) = -17*u**3 - u**2 + 8*u + 10. Give b(-1).
18
Let h(y) = 19*y - 105. Calculate h(8).
47
Let c(i) = -i**2 + 7*i - 49. Calculate c(7).
-49
Let d(m) = m**3 + 22*m**2 + 22*m + 12. Give d(-21).
-9
Let y(d) = -1563*d + 6137. Calculate y(4).
-115
Let k(d) = -117*d + 653. Determine k(6).
-49
Let y(p) = 5*p**2 + 142*p + 707. Give y(-22).
3
Let a(s) = -49*s + 197. Calculate a(5).
-48
Let c(x) = -x**2 - 30*x - 226. Calculate c(-17).
-5
Let s(t) = -t**3 - 5*t**2 - 5*t - 13. What is s(-5)?
12
Let a(o) = -2*o**2 - 219*o + 2494. Give a(-120).
-26
Let t(f) = -2*f**3 - 8*f**2 + 41*f + 107. Calculate t(-6).
5
Let g(u) = -u**2 + 37*u - 115. Give g(7).
95
Let b(d) = -43*d + 2173. What is b(51)?
-20
Let q(j) = j**2 - 7*j + 12. Calculate q(4).
0
Let t(h) = -19*h**2 + 170*h + 49. What is t(9)?
40
Let p(x) = x**3 + 6*x**2 + 104*x + 283. Calculate p(-3).
-2
Let g(p) = -p**2 + 47*p + 193. What is g(-4)?
-11
Let z(b) = -b**2 + 8*b + 527. Calculate z(-22).
-133
Let f(p) = 8*p**3 + 89*p**2 + 23*p + 249. Determine f(-11).
117
Let c(l) = -4*l**2 + 145*l - 1094. Give c(26).
-28
Let y(o) = -6563*o + 26256. What is y(4)?
4
Let z(l) = -2*l**3 - 26*l**2 + 17*l - 214. What is z(-14)?
-60
Let b(t) = t**2 - 423*t - 842. Give b(-2).
8
Let o(d) = d**3 - 72*d**2 + 134*d + 449. Calculate o(70).
29
Let o(a) = 14*a + 15. Give o(-3).
-27
Let x(h) = 9*h + 194. Calculate x(-42).
-184
Let b(l) = 11*l**2 - 743*l + 743. Give b(1).
11
Let f(p) = -p**3 - 12*p**2 - 30*p - 36. What is f(-9)?
-9
Let j(k) = -76*k - 44. Calculate j(-4).
260
Let s(x) = 9*x + 283. Give s(-28).
31
Let b(i) = 15*i + 218. Determine b(-10).
68
Let z(p) = 431*p + 13. Calculate z(0).
13
Let a(u) = 16*u**2 + 5220*u + 1312. Calculate a(-326).
8
Let r(v) = -5*v**3 + 297*v**2 - 128*v + 38. Determine r(59).
-552
Let d(x) = -x**3 - 7*x**2 + 155*x + 1091. What is d(-7)?
6
Let b(y) = -100*y - 1006. Give b(-10).
-6
Let j(g) = -2*g**3 - 8*g**2 + 76*g + 143. Determine j(-2).
-25
Let g(j) = -253*j + 101. What is g(1)?
-152
Let w(t) = -21*t**2 - 6*t + 21. What is w(-5)?
-474
Let j(o) = -7*o**2 + 335*o + 57. Determine j(48).
9
Let c(x) = -77*x + 101. Calculate c(2).
-53
